etermine v(d).
2
Let b(o) = o**2 - 4 + 4*o - 2*o + o - 3. Give b(-5).
3
Suppose 0 = -2*c - 4, -12 = 4*h - 0*h - 4*c. Let m(w) = 2 - 2*w - 553*w**2 + 272*w**2 - w**3 + 275*w**2. Calculate m(h).
-13
Let l(p) be the third derivative of 2/3*p**3 + 0 - p**2 + 0*p - 1/12*p**4. What is l(4)?
-4
Let a(v) = 3*v**2 + v - 2. Suppose -j - 13 + 4 = 5*y, -3*y - 1 = 5*j. Calculate a(y).
8
Let q(d) = 5*d**3 + 3*d**2 - 3*d + 6. Let n(r) = 14*r**3 + 9*r**2 - 9*r + 17. Let i(f) = -6*n(f) + 17*q(f). Give i(2).
2
Let s(x) be the second derivative of -x**5/120 + x**4/24 + x**3/6 - 3*x. Let d(r) be the second derivative of s(r). Let v be 5/(-10) - (-10)/4. Calculate d(v).
-1
Let s = -1 + 11. Suppose -3*p - 2*d = -4*d, 4*d + s = p. Let n(l) = l**3 + 1 + 0*l**3 - 2*l**3 - 2*l**2 + l. Determine n(p).
-1
Let c(i) = i**3 - 7*i**2 - 11*i + 20. Let m be c(8). Let v(h) = -h**3 - 4*h**2 - 2*h - 4. Give v(m).
4
Suppose -3*n = -3*k - 6, 4*k = -2*n - n - 8. Let v(o) = -2*o**2 + o - 4. Let d(r) = -r**2 + r - 3. Let s(p) = -5*d(p) + 4*v(p). Give s(k).
-11
Let y(n) = -7*n + 9. Let v(k) = -k + 1. Let h(p) = -5*v(p) + y(p). Calculate h(-6).
16
Let o be (-3)/(-6)*4 + -7. Let y(m) = -2*m**2 - 4*m**2 + 1 - 6*m - 1 - m**3 - 5. Calculate y(o).
0
Let o(n) be the first derivative of n**6/360 + n**5/30 - 7*n**4/24 - 5*n**3/3 - 3. Let q(l) be the third derivative of o(l). Let m = -17 - -12. What is q(m)?
-2
Suppose -a - 3*l = 1, 3*a + 6*l - 3*l - 9 = 0. Let o(c) = c + c**3 + a + 6*c**2 + 0*c**2 + 2*c**2 + 5. Calculate o(-8).
2
Let t(o) be the third derivative of -o**5/60 - 5*o**4/24 + o**3/6 - 6*o**2. What is t(-3)?
7
Let o = 1 - 0. Suppose 4 = -3*n - 4*g + o, 12 = 3*n - g. Let j(h) = -5*h + 2*h + h + 1 + h**2. Give j(n).
4
Let y(s) be the third derivative of s**5/60 - 7*s**4/24 + s**3 - 2*s**2. Suppose 3*p - 4*f + 1 = 4*p, -7 = -p - f. Let d = -4 + p. Give y(d).
-4
Let m(p) = 7*p**2 + p + 1. Let y = 33 - 34. Calculate m(y).
7
Suppose 7*r - 2*r + 21 = 2*h, -5*r = 2*h + 9. Let f(l) = 2*l - 2 - 4 + 3 - 4*l. Give f(r).
3
Suppose 0 = -i + 4 - 1. Let g(w) = -4*w**i - 1 + 0 + w**2 - 3*w**3. Give g(-1).
7
Suppose t + 2*t - 12 = 5*h, 0 = -2*t + h + 1. Let j(r) = r**2 - 1. Calculate j(t).
0
Let f(z) = -3*z**3 - 17*z**2 + 2*z. Let y(x) = -x**3 - 8*x**2 + x. Let h(c) = 6*f(c) - 13*y(c). Calculate h(1).
-4
Let m(q) = -q**3 + 4*q**2 - 2*q - 3. Let s be m(3). Suppose 20 = -s*t + 5*t. Let w be 2*2/t + 2. Let b(j) = j**2 - 2*j + 1. Calculate b(w).
4
Suppose -4*q - 5*k + 5 = -2, -3*q + 2*k - 12 = 0. Let j(s) = -4*s. Give j(q).
8
Let g(x) = 6*x**2 - 2 + 0*x + 0*x**3 - 3*x + 0*x**3 - x**3. Calculate g(5).
8
Let j(b) = -b. Let f(z) = z. Let i(v) = 6*f(v) + 7*j(v). Determine i(6).
-6
Let r(b) = -b**3 - 3*b**2 - 2. Let d = 8 - 17. Let j(i) = -i**3 - 10*i**2 - 10*i - 12. Let n be j(d). Calculate r(n).
-2
Suppose -4*k = -8*k - 8. Let g(s) = 4*s. Give g(k).
-8
Let p(f) = f**2 + 2*f - 1. Let v be p(1). Suppose -4*m = -5*m - v*h, 0 = 4*m - 2*h. Let u(q) = -q**3 - q - 3. Give u(m).
-3
Suppose 0 = 4*p - 3*s + 1 + 3, 2*s = 4*p. Let m(y) be the first derivative of -1/2*y**p + y + 1. Give m(5).
-4
Let l(x) = 7*x**3 - x**2 - 2*x - 1. Let b(m) = 12*m + 13*m + 2 - 26*m. Let c be b(3). Calculate l(c).
-7
Let q(g) = g**3 - 5*g**2 - 7*g + 6. Suppose 13 = 5*w + r, -2*r + 2 = -5*w + 2*r. Let t be 6/(w*4/8). What is q(t)?
0
Let u(q) = q - 1. Let f(k) = 11*k + 4. Let p(g) = 5*g + 2. Let r(w) = -6*f(w) + 13*p(w). Let o be r(6). Calculate u(o).
-5
Let o = -35 - -51. Suppose 3*q + 2*t + o = 2, -5 = q + t. Let d(s) = -s**3 - 5*s**2 - 5*s - 5. Give d(q).
-1
Let y(p) = p**2 + 2*p - 5. Let v be y(-4). Let o(l) be the third derivative of 0*l - 1/6*l**4 + 1/30*l**5 + 0*l**3 + 0 - l**2. What is o(v)?
6
Let a(v) = v - 2. Let r(w) = -w + 13. Let i be r(9). Let x be a(i). Let j(c) = 1 + 5*c + 2 - 2*c**x - 5. What is j(3)?
-5
Let s = 0 - -3. Suppose 0*a - s*a + 3 = -3*n, 2*n = -4*a - 26. Let x(d) = -d**3 - 6*d**2 - 6*d - 2. Determine x(a).
-10
Let z be ((-6)/(-4))/((-3)/(-4)). Let j(x) = 2*x**2 - 3*x + 1. Give j(z).
3
Let i(j) = -j**2 - 21*j + 27. Let a be i(-22). Let q(s) be the third derivative of 0 - 1/2*s**3 + 0*s - 3*s**2 + 1/6*s**4 + 1/60*s**a. What is q(-4)?
-3
Let p(c) = c**2 + c - 2. Suppose 0 = -4*o + 6 - 30. Let z(i) = i**2 + 7*i + 8. Let k be z(o). Give p(k).
4
Let x(l) = 5*l + 11. Suppose -5*a + 2*a + 24 = 0. Let c(r) = 3*r + 7. Let t(g) = a*c(g) - 5*x(g). Give t(0).
1
Let n(s) = s**3 - 7*s**2 + 2*s + 3. Suppose -3*i = -2*u - 23, u = 5*i - 24 - 12. What is n(i)?
17
Let k be (-170)/(-45) - (-2)/9. Let j(z) = z + 2*z - z - k. Give j(5).
6
Let y(f) = -f. Let s(t) = -t**3 + 5*t**2 - 8*t - 4. Let j(c) = -s(c) + 6*y(c). Let z = 7 + -4. Let b be (-6)/(-8)*(z - -1). Give j(b).
-8
Let p(h) = -3*h. Let x = 115 + -112. What is p(x)?
-9
Let t(m) be the third derivative of m**6/120 - m**5/20 + m**4/8 - m**3/3 - 30*m**2. Let f be -3 + 2 + (1 - -2). What is t(f)?
0
Let r(v) be the first derivative of -3*v + 3/2*v**2 + 3. What is r(3)?
6
Let o(m) = -m**3 - 5*m**2 - 2*m + 3. Let f(n) = n**2 - 4*n - 8. Let q be f(6). Suppose 0 = q*h + h - 20. Suppose h = 3*u + 13. Calculate o(u).
-9
Let y(c) = -13*c**2 + 1. Suppose 0 = t + 2*v + 11, 0 = -t - 0*v - 5*v - 26. What is y(t)?
-12
Let a(g) = -g**3 + 5*g**2 - 3*g - 5. Let p be (-2 - -19) + 0 + -1. Let x be (p/20)/(1/5). Suppose j = x*j - 5*u - 32, -3*u = -5*j + 32. What is a(j)?
-1
Let a(z) = z**3 + 3*z**2 - 4*z - 1. Let c = 11 - 14. What is a(c)?
11
Let q(m) be the second derivative of -2*m**3/3 + 5*m**2/2 + 11*m. What is q(4)?
-11
Let t be 1 - (1 + -4 + 1). Let s(h) = -2*h**t - h + h**3 - 1 + 0*h. Determine s(-2).
9
Let t(q) be the first derivative of 3/2*q**2 + 6 - 3*q. Calculate t(3).
6
Let t(a) = -a**2 + 12*a - 2. Let y(f) = -3*f**2 + 35*f - 5. Let x(z) = 8*t(z) - 3*y(z). Give x(8).
-9
Let m(g) = 11*g**3 - 2*g**2 + 1. Let n = -5 - -5. Let z be (3/3)/(1 + n). What is m(z)?
10
Suppose 5*y + 12 = 3*y. Let u(m) = -m**3 - 7*m**2 - 6*m + 4. Calculate u(y).
4
Let b(v) = -7*v**3 + 2*v**2 - 2*v - 31. Let j(x) = 3*x**3 - x**2 + x + 16. Let g(l) = 2*b(l) + 5*j(l). Give g(0).
18
Let a(o) = -o**2 - 6*o - 4. Let p be a(-4). Suppose 0 = 3*j + 12, 5*q = -5*j - 4 - 6. Let b(s) = -5 + 3*s**q + s**2 - 3*s - 3*s**2. What is b(p)?
-1
Let m(f) = 16*f + 11. Let j(l) = 3*l + 2. Let r(h) = -33*j(h) + 6*m(h). Calculate r(2).
-6
Let n(m) = -m**2 + 4*m. Let t = -32 + 37. What is n(t)?
-5
Let y be (6/30)/(1/5). Let f(p) = 2*p**2 - p. Calculate f(y).
1
Let i(u) = 5*u - 2. Let m be ((-18)/(-12))/((-6)/(-8) + 0). Determine i(m).
8
Let u(g) = -4*g**2 + 6*g. Let n(b) = 2*b**2 - 3*b. Let q(f) = -7*n(f) - 3*u(f). Calculate q(2).
-2
Let z(w) = -w**3 + 5*w**2 - 5*w + 2. Suppose 2*a = 3*a - 4. Let q(r) = 0*r**2 - 1 + 6*r**2 - 5*r**2 - 3*r. Let i be q(a). Give z(i).
5
Let s(v) = v**2 - 2*v + 3. Let d be s(3). Suppose 0 = -3*p + d. Let f(i) = -p*i**3 + 3*i**2 + i**3 + 0 - 3 - 6*i**2. Calculate f(-3).
-3
Suppose 0*f - 7 = -f. Let x(z) be the first derivative of z**4/4 - 2*z**3 - 4*z**2 + 7*z - 2. What is x(f)?
0
Let k = 5 + -1. Suppose 0*f - 2*f + 2*q + k = 0, q + 3 = 0. Let g(c) = -1 - c + 0 + 0*c. Calculate g(f).
0
Let j(b) = -5*b - 1 - 60*b**2 + 9 + 59*b**2. Determine j(-6).
2
Let f(m) = m**3 - 6*m**2 - m + 4. Let y be (-2)/(-4*1/(-2)). Let g = y - -7. Give f(g).
-2
Suppose -16 = -g - 3*g - 4*n, -10 = 5*n. Suppose 6 - 15 = -3*r, -3*y = -r - g. Let s(q) = q - 3. Determine s(y).
0
Let d(u) be the first derivative of -u**4/4 + 2*u**3 - 5*u**2/2 + 1. Suppose 0 = 5*j + 20 - 5. Let a(c) = 2*c**2 + 3*c - 4. Let r be a(j). What is d(r)?
0
Let l(k) be the second derivative of -3*k**5/20 + k**4/12 - k**2/2 - 11*k + 2. What is l(2)?
-21
Let z(p) = p**2 - 4*p - 2. Suppose -5*v - 4 = -29. Give z(v).
3
Let i be 10/5*6/4. Let k(u) = u. Let w(l) = 1. Let r(g) = i*w(g) + k(g). Suppose -20 = -5*t - 0*t - 5*b, 11 = 5*t - 4*b. Calculate r(t).
6
Let n(k) = 11*k**2 - 11*k + 15. Let s(f) = 4*f**2 - 4*f + 5. Let x(q) = -3*n(q) + 8*s(q). Calculate x(0).
-5
Let b(p) = -5*p**2 - 3. Let l(w) = -4*w**2 - w - 4. Let r(z) = -3*b(z) + 2*l(z). Calculate r(1).
6
Let m be 4/(-10) - 2/(-5). Let d(f) = -f**3 - 4. Determine d(m).
-4
Let l(g) = -g - 4. Let n(m) = m**3 + 7*m**2 - 4*m + 3. Let v(d) = d**2. Let p(t) = -n(t) + 4*v(t). Let f be p(-4). Calculate l(f).
-1
Let u(k) 